 factors of r.
2, 31
Let i be (-48)/(-20)*(0 - 65). Let k = i + 303. What are the prime factors of k?
3, 7
Let v = 1958 - 694. What are the prime factors of v?
2, 79
Suppose 2*a - 3*g - 19 = 0, 7*a + g - 3 = 3*a. Suppose 18 = 2*v + 5*b, b + a = 2*b. Suppose v*z - z - 24 = 0. List the prime factors of z.
2
Suppose -2*d - 64 = 5*v, -4*d + 16 = -4*v + 2*v. What are the prime factors of 190/(-8)*(-16 - v)?
5, 19
Let x(l) = -l**2 - 13*l - 11. Let n be x(-12). Let s be (7 + -6)*(11 + n). Suppose -s = -5*f + 13. What are the prime factors of f?
5
Suppose 484 = -4*j - 2*v, 0 = -j - 4*v + 5*v - 124. Let q = j + 184. List the prime factors of q.
2, 31
Suppose 65*m - 2*r = 61*m + 12528, 4*r + 9386 = 3*m. What are the prime factors of m?
2, 1567
What are the prime factors of (-6)/(-11 + 9) - (-4 - 1932)?
7, 277
Let q be (14/4 - 1)*(-8)/(-10). What are the prime factors of 24/q*76/6?
2, 19
Suppose -5*f + 3009 + 3036 = 0. Suppose -f - 356 = -5*c. What are the prime factors of c?
313
Let x = -21 - 206. List the prime factors of 3/(-6)*(9/(-3) + x).
5, 23
Let a be 4134/14 - 12/42. Suppose 0 = 5*w - a + 55. Suppose -37 - w = -5*c. What are the prime factors of c?
17
Suppose 10 = 4*z - 6. Let y = 0 + 0. Suppose y = 2*v - 5*v - 2*j, -4*j = 4*v + z. List the prime factors of v.
2
Suppose -51*s + 30787 + 140063 = 0. List the prime factors of s.
2, 5, 67
Let f be (-22)/(-4) - (-13)/(-26). Suppose -24 = -f*t + 56. Let h = t - 5. What are the prime factors of h?
11
Suppose -4*t + 5*o + 323 = 0, 4*t + 6*o - 2*o - 296 = 0. List the prime factors of t.
7, 11
Let t(r) = r**3 - 15*r**2 - r + 21. Let x be t(15). Suppose 4*l + 122 = x*l. List the prime factors of l.
61
Let j(d) = -d**3 + 8*d**2 + 2*d - 3. Let h be j(7). Suppose h - 280 = -5*w. Suppose 0 = -2*y + w. What are the prime factors of y?
2, 11
Suppose 28 = 4*v + 4*s, 2*v - 3*s = 3 - 4. Suppose -50 = -v*a - a. List the prime factors of a.
2, 5
Suppose 2*f = -2, 5 = 4*r + 2*f - 1. Let g = r - -3. Suppose 3*q + 47 = 2*k, -g*q - 145 = -5*k - 3*q. What are the prime factors of k?
31
Let t(a) = -28*a**2 - a - 3. Let n be t(2). Let j = 191 + n. List the prime factors of j.
2, 37
Let l(n) = n**3 - 9*n**2 - 8*n - 5. Let j be l(9). Let f = j + 110. What are the prime factors of f?
3, 11
Suppose 1038 = -10*x + 13*x. What are the prime factors of x?
2, 173
Suppose 9*c - 14*c + 6545 = 5*o, 4*c = 3*o + 5236. List the prime factors of c.
7, 11, 17
Let v(s) = -s**3 + 3*s + 2. Let i be 2/5 - 12/5. Let q be v(i). Let j(u) = -u**2 + 5*u + 1. List the prime factors of j(q).
5
Let j be -4 + (-4)/(-8)*-50. Let r = j + 75. What are the prime factors of r?
2, 23
Let y be (38/(-171))/(1/(-9)). Let i(d) = 4*d**2 - 4. List the prime factors of i(y).
2, 3
Let p = -14 + 16. Suppose p*u - 2*m + 5 = 3*u, 0 = -3*u - 5*m + 14. Suppose -2*h - 4*s = u*h - 65, 3*s + 66 = 3*h. List the prime factors of h.
17
Let c = -8 + 11. Suppose 0 = 4*i - 7 - 9, 5*z + c*i + 538 = 0. Let k = -74 - z. List the prime factors of k.
2, 3
Let z(b) = 15*b**2 + 33*b + 310. What are the prime factors of z(-15)?
2, 5, 11, 29
Let p(a) = -52*a - 2. What are the prime factors of p(-7)?
2, 181
Suppose -252 = 6*g - 12*g. List the prime factors of g.
2, 3, 7
Suppose -5492 = -5*b - 4*w, -2*w + 6*w + 2180 = 2*b. List the prime factors of b.
2, 137
Let z = 5153 - 2590. List the prime factors of z.
11, 233
Let i = 597 - 224. List the prime factors of i.
373
Suppose -8 = g + 59. What are the prime factors of (4 - g)*(-1 - -2)?
71
Let b(o) be the first derivative of o**3/3 - 4*o**2 - 10*o - 13. List the prime factors of b(-9).
11, 13
Suppose -14 - 13 = -j. Suppose -17 - j = -w. List the prime factors of w.
2, 11
Suppose 5*b - 2*a = -0*a - 66, -4*a = -5*b - 62. Let l = b + 13. Let w = 13 + l. List the prime factors of w.
2, 3
Let u(y) = 4*y**2 - 28*y + 162. List the prime factors of u(11).
2, 13
List the prime factors of 3/(11/((-3597)/(-9))).
109
Let a = -83 - -40. Let l = a - -126. List the prime factors of l.
83
Suppose -w = -b - 8, w - 32 = -0*w - 5*b. Let f be (9/w)/((-3)/216). Let q = -29 - f. List the prime factors of q.
5
Let o(h) = -4*h - 14. Let m be o(-4). Suppose 21 = m*q + 13. Let p = 11 + q. What are the prime factors of p?
3, 5
Let u(j) = -j**3 - 18*j**2 - 22*j + 25. Suppose 60 = -5*n - 25. What are the prime factors of u(n)?
2, 5, 11
Let p(i) = -i**2 + 12*i + 33. List the prime factors of p(14).
5
Let i = -81 - -186. Let d = 173 - 169. Suppose -d*r + i = 13. List the prime factors of r.
23
Suppose 3*c = 4*r - 9, -2 = r - 4*c - 1. Let h = r - -15. What are the prime factors of h?
2, 3
Let q be 43*-11 + 3/(-3)*1. Let k = -219 - q. What are the prime factors of k?
3, 5, 17
Suppose -352 = z - 1430. What are the prime factors of z?
2, 7, 11
Suppose 3*o = -67 - 17. Let g = o + -8. What are the prime factors of (-212)/(-5) + g/90?
2, 3, 7
Let l be (2*3/(-18))/(2/(-30)). Suppose -165 = -l*i - 3*d - 2*d, 2*d = -5*i + 159. What are the prime factors of i?
31
Let o(p) = 39*p**2 + 5*p - 14. What are the prime factors of o(-6)?
2, 5, 17
Let i = 2139 - 262. List the prime factors of i.
1877
Suppose 0 = r + 2*p + 6, 3*p = 2*p - 4. What are the prime factors of (-2)/8*r*-42?
3, 7
Let w be 4/3 - 24/(-36). Suppose 64 = 2*a + w*a. Suppose -5*j = -9*j + a. List the prime factors of j.
2
Let b(u) = -3*u. Let c be b(-1). Let i be -6*2/((-4)/c). Let f = 30 + i. What are the prime factors of f?
3, 13
Suppose b - 14 = -5*c, 3*b = 5*c - 0 - 18. Suppose -3*r - 22 = -7*r - 2*a, -2*r + 2*a + 14 = 0. Suppose c*m - r*m + 60 = 0. What are the prime factors of m?
2, 5
Suppose 7032 = 8*z - 14344. List the prime factors of z.
2, 167
Let h = -53 - -53. Suppose -i + 5*i - 2*p - 304 = h, 150 = 2*i - 2*p. What are the prime factors of i?
7, 11
Suppose 2*z - 6 = -2*o + 6, 4*z = 2*o - 6. Suppose 124 = -g - o*b, b - 20 = 6*b. What are the prime factors of (g - (1 + -3))/(-2)?
3, 17
Let h = -8 - -13. Let f be (-1212)/30 + (-3)/h. Let m = -23 - f. What are the prime factors of m?
2, 3
Let z(i) = i**3 + 5*i**2 - 10*i + 3. Let k be z(-7). Let t = k + 45. Let n = 22 - t. List the prime factors of n.
2
Suppose 0 = -3*n - d + 5*d + 2595, -3*n + 2*d = -2589. List the prime factors of n.
3, 7, 41
Let p(b) = b + 5. Let a be p(-2). Suppose 869 = 5*i - 0*o + 3*o, o = a. List the prime factors of i.
2, 43
Suppose 0 = -18*p + 14*p + 8. Suppose -p*z - 4*n = z - 588, -n = 0. What are the prime factors of z?
2, 7
Let l(g) = g**2 - 7*g + 2. Let o be l(-5). Suppose -x + o = -58. Suppose -7*n + 10*n = x. What are the prime factors of n?
2, 5
Let x(a) = a**2 - 2*a + 1. Let y be x(2). Let j = 64 - 40. Let m = y + j. What are the prime factors of m?
5
Let y = 383 - -27. Suppose 0 = -5*h + 5*c + y, 5*h = c + 351 + 79. List the prime factors of h.
3, 29
Let t(z) = 4*z**2 - 3*z + 19. Let d be t(5). Let q = -77 + d. What are the prime factors of q?
3
Suppose 2*i = -5*a - 47, 0*i - 4*a = 5*i + 143. List the prime factors of -1 - (3 + -4 + i).
31
Suppose 5200 = 5*w + 190. What are the prime factors of w?
2, 3, 167
Suppose a = -y + 289, -7*a + 2*a - 3*y = -1439. What are the prime factors of a?
2, 11, 13
Suppose -54 = -15*a - 9. Let p be (-63)/(-12) - (-2)/(-8). Suppose a*s + 17 = z, 8 = -s + p*s. List the prime factors of z.
23
Let c = 348 - -90. What are the prime factors of c?
2, 3, 73
Suppose 3*p = 4*t - 148, 1 = 3*t - 2*t. Let s = p - -56. What are the prime factors of s?
2
Suppose 3*y + 1710 = h - 315, -10125 = -5*h - 5*y. What are the prime factors of h?
3, 5
Let w be 4/((-9)/(135/2)). What are the prime factors of ((-612)/10)/(189/w + 6)?
2, 3, 17
Suppose 228 = -4*h - s - 212, -4*h + s - 432 = 0. Let v = -4 - h. List the prime factors of 4/6*v/10.
7
Suppose 50 = -2*n + 3*s + 2*s, 5*s - 140 = 5*n. Let j be (-1704)/n*(-10)/(-4). Suppose 3*u - j = -55. List the prime factors of u.
29
Suppose 349 = w - 2*j - j, 5*j + 20 = 0. What are the prime factors of w?
337
Let t be (-1)/((10/(-5))/6). Suppose 2*z = -a + 151, -2*a + 230 = -t*z - 51. List the prime factors of a.
5, 29
Let y be ((-6)/(-4))/((-17)/612). Let p = y - -120. What are the prime factors of p?
2, 3, 11
Let l be -6*(1 - 2)/(-1). Let b be (-1 - 0)*(l + 6). Suppose 0*q - q + 9 = b. What are the prime factors of q?
3
Let r(h) = 13*h**2 + 30*h - 21. What are the prime factors